{"id":14509,"date":"2019-01-30T11:28:04","date_gmt":"2019-01-30T11:28:04","guid":{"rendered":"https:\/\/afapac.org\/asociarse\/"},"modified":"2025-07-01T11:24:29","modified_gmt":"2025-07-01T11:24:29","slug":"com-associar-se","status":"publish","type":"page","link":"https:\/\/afapac.org\/ca\/com-associar-se\/","title":{"rendered":"Com associar-se?"},"content":{"rendered":"<div class=\"wpb-content-wrapper\"><p>[vc_row][vc_column]<div id=\"ultimate-heading-837169ec8138e65a5\" class=\"uvc-heading ult-adjust-bottom-margin ultimate-heading-837169ec8138e65a5 uvc-8682  uvc-heading-default-font-sizes\" data-hspacer=\"line_with_icon\" data-hline_width=\"auto\" data-hicon_type=\"selector\" data-hborder_style=\"solid\" data-hborder_height=\"1\" data-hborder_color=\"#ccc\" data-icon_width=\"32\" data-hfixer=\"10\"  data-halign=\"center\" style=\"text-align:center\"><div class=\"uvc-main-heading ult-responsive\"  data-ultimate-target='.uvc-heading.ultimate-heading-837169ec8138e65a5 h3'  data-responsive-json-new='{\"font-size\":\"\",\"line-height\":\"\"}' ><h3 style=\"--font-weight:theme;margin-bottom:20px;\">Fer-te soci d\u2019AFAPAC t\u00e9 els seus beneficis:<\/h3><\/div><div class=\"uvc-heading-spacer line_with_icon\" style=\"topheight:32px;\"><div class=\"ult-just-icon-wrapper  \"><div class=\"align-icon\" style=\"text-align:center;\">\n<div class=\"aio-icon none \"  style=\"font-size:32px;display:inline-block;\">\n\t<i class=\"Defaults-star\"><\/i>\n<\/div><\/div><\/div><\/div><\/div>[\/vc_column][\/vc_row][vc_row][vc_column css=&#8221;.vc_custom_1730641818217{margin-top: 20px !important;}&#8221;][vc_column_text css=&#8221;.vc_custom_1730640343652{margin-bottom: 50px !important;}&#8221;]Des d\u2019AFAPAC esperem fomentar la sensibilitzaci\u00f3 en la societat sobre les displ\u00e0sies \u00f2ssies i donar suport a la nostra comunitat.<strong> Podem arribar tan lluny i fer tants projectes com els socis desitgin, aix\u00ed que uneix-te a AFAPAC i ajuda&#8217;ns.<\/strong>[\/vc_column_text][\/vc_column][\/vc_row][vc_row][vc_column][vc_message css=&#8221;&#8221;]<strong>La quota d&#8217;afiliaci\u00f3 \u00e9s de 55 \u20ac anuals. La quota \u00e9s per unitat familiar. Es consideren membres actius totes les persones que viuen al mateix domicili que el soci principal.<\/strong>[\/vc_message][\/vc_column][\/vc_row][vc_row][vc_column][vc_column_text css=&#8221;.vc_custom_1730641865114{margin-top: 50px !important;margin-bottom: 50px !important;}&#8221;]Les <strong>teves donacions de fins a 250\u20ac desgraven un 80%<\/strong>. Per sobre d\u2019aquesta quantitat, el percentatge de desgravaci\u00f3 \u00e9s del 40%, augmentant fins al 45% si has donat de forma consecutiva m\u00e9s de dos anys.[\/vc_column_text][\/vc_column][\/vc_row][vc_row][vc_column]<div id=\"ultimate-heading-655569ec8138e6636\" class=\"uvc-heading ult-adjust-bottom-margin ultimate-heading-655569ec8138e6636 uvc-6594  uvc-heading-default-font-sizes\" data-hspacer=\"line_with_icon\" data-hline_width=\"auto\" data-hicon_type=\"selector\" data-hborder_style=\"solid\" data-hborder_height=\"1\" data-hborder_color=\"#ccc\" data-icon_width=\"32\" data-hfixer=\"10\"  data-halign=\"center\" style=\"text-align:center\"><div class=\"uvc-main-heading ult-responsive\"  data-ultimate-target='.uvc-heading.ultimate-heading-655569ec8138e6636 h4'  data-responsive-json-new='{\"font-size\":\"\",\"line-height\":\"\"}' ><h4 style=\"--font-weight:theme;margin-top:50px;margin-bottom:20px;\">ARA POTS UNIR-TE A AFAPAC DE DUES MANERES DIFERENTS:<\/h4><\/div><div class=\"uvc-heading-spacer line_with_icon\" style=\"topheight:32px;\"><div class=\"ult-just-icon-wrapper  \"><div class=\"align-icon\" style=\"text-align:center;\">\n<div class=\"aio-icon none \"  style=\"font-size:32px;display:inline-block;\">\n\t<i class=\"Defaults-thumbs-o-up\"><\/i>\n<\/div><\/div><\/div><\/div><\/div>[vc_column_text css=&#8221;.vc_custom_1751369064375{padding-top: 50px !important;}&#8221;]<strong>1) FES-TE SOCI en nom\u00e9s dos passos: 55\u20ac\/any per unitat familiar!<\/strong><\/p>\n<p>Per a unir-te com a soci, baixa\u2019t aquest document, omple\u2019l i envia\u2019ns-el per correu electr\u00f2nic a info@afapac.org o per correu a:<\/p>\n<p>Hotel d\u2019Entitats de Gr\u00e0cia<br \/>\nC\/ Provid\u00e8ncia, 42, despatx 1.3<br \/>\n08024 Barcelona<\/p>\n<p>Si no tens clar fer-te soci per\u00f2 tens una displ\u00e0sia, t\u2019agrair\u00edem que igualment omplissis el formulari per aix\u00ed poder millorar la nostra base de dades i poder oferir millor ajudes a les persones amb displ\u00e0sies de la zona.[\/vc_column_text][\/vc_column][\/vc_row][vc_row css=&#8221;.vc_custom_1549626618957{margin-top: 50px !important;}&#8221;][vc_column][vc_column_text]<strong>2.- <\/strong><strong>FES UNA DONACI\u00d3 amb transfer\u00e8ncia banc\u00e0ria:<\/strong><\/p>\n<p>Si desitges pagar la quota directament a AFAPAC o b\u00e9 una donaci\u00f3 puntual, pots realitzar una transfer\u00e8ncia a la seg\u00fcent compte bancari:<\/p>\n<p>ES97 2100 1366 1602 0014 0754[\/vc_column_text][\/vc_column][\/vc_row][vc_row][vc_column][\/vc_column][\/vc_row]<\/p>\n<\/div>","protected":false},"excerpt":{"rendered":"<p>[vc_row][vc_column][\/vc_column][\/vc_row][vc_row][vc_column css=&#8221;.vc_custom_1730641818217{margin-top: 20px !important;}&#8221;][vc_column_text css=&#8221;.vc_custom_1730640343652{margin-bottom: 50px !important;}&#8221;]Des d\u2019AFAPAC esperem fomentar la sensibilitzaci\u00f3 en la societat sobre les displ\u00e0sies \u00f2ssies i donar suport a la nostra comunitat. Podem arribar tan lluny&hellip;<\/p>\n","protected":false},"author":1,"featured_media":0,"parent":0,"menu_order":0,"comment_status":"closed","ping_status":"closed","template":"","meta":{"footnotes":""},"class_list":["post-14509","page","type-page","status-publish","hentry","description-off"],"_links":{"self":[{"href":"https:\/\/afapac.org\/ca\/wp-json\/wp\/v2\/pages\/14509","targetHints":{"allow":["GET"]}}],"collection":[{"href":"https:\/\/afapac.org\/ca\/wp-json\/wp\/v2\/pages"}],"about":[{"href":"https:\/\/afapac.org\/ca\/wp-json\/wp\/v2\/types\/page"}],"author":[{"embeddable":true,"href":"https:\/\/afapac.org\/ca\/wp-json\/wp\/v2\/users\/1"}],"replies":[{"embeddable":true,"href":"https:\/\/afapac.org\/ca\/wp-json\/wp\/v2\/comments?post=14509"}],"version-history":[{"count":10,"href":"https:\/\/afapac.org\/ca\/wp-json\/wp\/v2\/pages\/14509\/revisions"}],"predecessor-version":[{"id":14990,"href":"https:\/\/afapac.org\/ca\/wp-json\/wp\/v2\/pages\/14509\/revisions\/14990"}],"wp:attachment":[{"href":"https:\/\/afapac.org\/ca\/wp-json\/wp\/v2\/media?parent=14509"}],"curies":[{"name":"wp","href":"https:\/\/api.w.org\/{rel}","templated":true}]}}

<div class="wpb-content-wrapper"><p>[vc_row][vc_column]<div id="ultimate-heading-837169ec8138e65a5" class="uvc-heading ult-adjust-bottom-margin ultimate-heading-837169ec8138e65a5 uvc-8682  uvc-heading-default-font-sizes" data-hspacer="line_with_icon" data-hline_width="auto" data-hicon_type="selector" data-hborder_style="solid" data-hborder_height="1" data-hborder_color="#ccc" data-icon_width="32" data-hfixer="10"  data-halign="center" style="text-align:center"><div class="uvc-main-heading ult-responsive"  data-ultimate-target='.uvc-heading.ultimate-heading-837169ec8138e65a5 h3'  data-responsive-json-new='{"font-size":"","line-height":""}' ><h3 style="--font-weight:theme;margin-bottom:20px;">Fer-te soci d’AFAPAC té els seus beneficis:</h3></div><div class="uvc-heading-spacer line_with_icon" style="topheight:32px;"><div class="ult-just-icon-wrapper  "><div class="align-icon" style="text-align:center;">
<div class="aio-icon none "  style="font-size:32px;display:inline-block;">
	<i class="Defaults-star"></i>
</div></div></div></div></div>[/vc_column][/vc_row][vc_row][vc_column css=&#8221;.vc_custom_1730641818217{margin-top: 20px !important;}&#8221;][vc_column_text css=&#8221;.vc_custom_1730640343652{margin-bottom: 50px !important;}&#8221;]Des d’AFAPAC esperem fomentar la sensibilització en la societat sobre les displàsies òssies i donar suport a la nostra comunitat.<strong> Podem arribar tan lluny i fer tants projectes com els socis desitgin, així que uneix-te a AFAPAC i ajuda&#8217;ns.</strong>[/vc_column_text][/vc_column][/vc_row][vc_row][vc_column][vc_message css=&#8221;&#8221;]<strong>La quota d&#8217;afiliació és de 55 € anuals. La quota és per unitat familiar. Es consideren membres actius totes les persones que viuen al mateix domicili que el soci principal.</strong>[/vc_message][/vc_column][/vc_row][vc_row][vc_column][vc_column_text css=&#8221;.vc_custom_1730641865114{margin-top: 50px !important;margin-bottom: 50px !important;}&#8221;]Les <strong>teves donacions de fins a 250€ desgraven un 80%</strong>. Per sobre d’aquesta quantitat, el percentatge de desgravació és del 40%, augmentant fins al 45% si has donat de forma consecutiva més de dos anys.[/vc_column_text][/vc_column][/vc_row][vc_row][vc_column]<div id="ultimate-heading-655569ec8138e6636" class="uvc-heading ult-adjust-bottom-margin ultimate-heading-655569ec8138e6636 uvc-6594  uvc-heading-default-font-sizes" data-hspacer="line_with_icon" data-hline_width="auto" data-hicon_type="selector" data-hborder_style="solid" data-hborder_height="1" data-hborder_color="#ccc" data-icon_width="32" data-hfixer="10"  data-halign="center" style="text-align:center"><div class="uvc-main-heading ult-responsive"  data-ultimate-target='.uvc-heading.ultimate-heading-655569ec8138e6636 h4'  data-responsive-json-new='{"font-size":"","line-height":""}' ><h4 style="--font-weight:theme;margin-top:50px;margin-bottom:20px;">ARA POTS UNIR-TE A AFAPAC DE DUES MANERES DIFERENTS:</h4></div><div class="uvc-heading-spacer line_with_icon" style="topheight:32px;"><div class="ult-just-icon-wrapper  "><div class="align-icon" style="text-align:center;">
<div class="aio-icon none "  style="font-size:32px;display:inline-block;">
	<i class="Defaults-thumbs-o-up"></i>
</div></div></div></div></div>[vc_column_text css=&#8221;.vc_custom_1751369064375{padding-top: 50px !important;}&#8221;]<strong>1) FES-TE SOCI en només dos passos: 55€/any per unitat familiar!</strong></p>
<p>Per a unir-te com a soci, baixa’t aquest document, omple’l i envia’ns-el per correu electrònic a info@afapac.org o per correu a:</p>
<p>Hotel d’Entitats de Gràcia<br />
C/ Providència, 42, despatx 1.3<br />
08024 Barcelona</p>
<p>Si no tens clar fer-te soci però tens una displàsia, t’agrairíem que igualment omplissis el formulari per així poder millorar la nostra base de dades i poder oferir millor ajudes a les persones amb displàsies de la zona.[/vc_column_text][/vc_column][/vc_row][vc_row css=&#8221;.vc_custom_1549626618957{margin-top: 50px !important;}&#8221;][vc_column][vc_column_text]<strong>2.- </strong><strong>FES UNA DONACIÓ amb transferència bancària:</strong></p>
<p>Si desitges pagar la quota directament a AFAPAC o bé una donació puntual, pots realitzar una transferència a la següent compte bancari:</p>
<p>ES97 2100 1366 1602 0014 0754[/vc_column_text][/vc_column][/vc_row][vc_row][vc_column][/vc_column][/vc_row]</p>
</div>

<p>[vc_row][vc_column][/vc_column][/vc_row][vc_row][vc_column css=&#8221;.vc_custom_1730641818217{margin-top: 20px !important;}&#8221;][vc_column_text css=&#8221;.vc_custom_1730640343652{margin-bottom: 50px !important;}&#8221;]Des d’AFAPAC esperem fomentar la sensibilització en la societat sobre les displàsies òssies i donar suport a la nostra comunitat. Podem arribar tan lluny&hellip;</p>
